{"id":4929,"date":"2025-05-21T13:52:46","date_gmt":"2025-05-21T11:52:46","guid":{"rendered":"https:\/\/www.juli-as.fr\/?page_id=4929"},"modified":"2026-01-26T12:22:03","modified_gmt":"2026-01-26T11:22:03","slug":"actualites-2","status":"publish","type":"page","link":"https:\/\/www.juli-as.fr\/","title":{"rendered":"Actualit\u00e9s"},"content":{"rendered":"\n<div style=\"height:44px\" aria-hidden=\"true\" class=\"wp-block-spacer\"><\/div>\n\n\n\n<div class=\"wp-block-columns is-layout-flex wp-container-core-columns-is-layout-9d6595d7 wp-block-columns-is-layout-flex\">\n<div class=\"wp-block-column is-vertically-aligned-center is-layout-flow wp-block-column-is-layout-flow\" style=\"flex-basis:33.33%\"><div class=\"wp-block-image\">\n<figure class=\"aligncenter size-full\"><img loading=\"lazy\" decoding=\"async\" width=\"500\" height=\"500\" src=\"https:\/\/www.juli-as.fr\/wp-content\/uploads\/2024\/09\/Logo-jeu-1.png\" alt=\"\" class=\"wp-image-4795\" srcset=\"https:\/\/www.juli-as.fr\/wp-content\/uploads\/2024\/09\/Logo-jeu-1.png 500w, https:\/\/www.juli-as.fr\/wp-content\/uploads\/2024\/09\/Logo-jeu-1-300x300.png 300w, https:\/\/www.juli-as.fr\/wp-content\/uploads\/2024\/09\/Logo-jeu-1-150x150.png 150w, https:\/\/www.juli-as.fr\/wp-content\/uploads\/2024\/09\/Logo-jeu-1-100x100.png 100w\" sizes=\"auto, (max-width: 500px) 100vw, 500px\" \/><\/figure>\n<\/div><\/div>\n\n\n\n<div class=\"wp-block-column is-vertically-aligned-center is-layout-flow wp-block-column-is-layout-flow\" style=\"flex-basis:66.66%\">\n<p><a href=\"http:\/\/www.utopiques.com\">Collectif Utopiques<\/a><\/p>\n\n\n\n<p><strong>Mise En Sc\u00e8ne<\/strong><br>B\u00e9r\u00e9nice, cr\u00e9ation 2026<br>avec Jeanne Henry, Benjamin Mayet et Christophe Bouquet <br>Julie d&#8217;Aubigny, cr\u00e9ation 2026<br><br><strong>Direction d&#8217;actrice<\/strong><br><a href=\"https:\/\/deboraharguel.wixsite.com\">CalendriYEAH !<\/a> <br>de et avec D\u00e9borah Arguel<br><\/p>\n<\/div>\n<\/div>\n\n\n\n<div class=\"wp-block-columns is-layout-flex wp-container-core-columns-is-layout-9d6595d7 wp-block-columns-is-layout-flex\">\n<div class=\"wp-block-column is-vertically-aligned-center is-layout-flow wp-block-column-is-layout-flow\" style=\"flex-basis:33.33%\"><div class=\"wp-block-image\">\n<figure class=\"aligncenter size-full\"><img loading=\"lazy\" decoding=\"async\" width=\"500\" height=\"500\" src=\"http:\/\/www.juli-as.fr\/wp-content\/uploads\/2024\/09\/logo-reflexion.png\" alt=\"\" class=\"wp-image-4801\" srcset=\"https:\/\/www.juli-as.fr\/wp-content\/uploads\/2024\/09\/logo-reflexion.png 500w, https:\/\/www.juli-as.fr\/wp-content\/uploads\/2024\/09\/logo-reflexion-300x300.png 300w, https:\/\/www.juli-as.fr\/wp-content\/uploads\/2024\/09\/logo-reflexion-150x150.png 150w, https:\/\/www.juli-as.fr\/wp-content\/uploads\/2024\/09\/logo-reflexion-100x100.png 100w\" sizes=\"auto, (max-width: 500px) 100vw, 500px\" \/><\/figure>\n<\/div><\/div>\n\n\n\n<div class=\"wp-block-column is-vertically-aligned-center is-layout-flow wp-block-column-is-layout-flow\" style=\"flex-basis:66.66%\">\n<p>Formatrice \u00e0 la sc\u00e8ne<br><br><strong>Masques &#8211; du neutre \u00e0 la commedia<\/strong><br>du 20 au 26 juillet 2025 &#8211; <a href=\"https:\/\/www.faistesvacances.fr\/stages-club\/culture\/theatre-impro-clown\/3514-stage-de-jeu-masque\">Doucy Valmorel<\/a><br>du 9 au 14 f\u00e9vrier 2026 &#8211; \u00e0 Lyon avec <a href=\"https:\/\/www.utopiques.com\/index.php\/workshops\/\">Utopiques<\/a><br>du 1er au 8 ao\u00fbt 2025 &#8211; <a href=\"https:\/\/www.faistesvacances.fr\/stages-club\/culture\/theatre-impro-clown\/3514-stage-de-jeu-masque\">Doucy Valmorel<\/a><br><br><strong>Corps organique &#8211; de Grotowsky \u00e0 Barba<\/strong><br>du 27 octobre au 1er nov 2025 &#8211; \u00e0 Lyon avec <a href=\"https:\/\/www.utopiques.com\/index.php\/workshops\/\">Utopiques<\/a><br><br><strong>Atelier de gestion de projet \u00e0 destination des artistes<\/strong><br>du 6 au 11 avril 2026 &#8211; \u00e0 Lyon avec <a href=\"https:\/\/www.utopiques.com\/index.php\/workshops\/\">Utopiques<\/a><\/p>\n\n\n\n<p><strong>Th\u00e9\u00e2tre &#8211; cours annuels saison 25-26<\/strong><br>avec le Th\u00e9\u00e2tre de Gerland, Lyon, le Patad\u00f4me, Irigny<br>la MJC de Pierre-B\u00e9nite, la ville de Villeurbanne<br>La Ferme du Vinatier et la compagnie Mara<\/p>\n<\/div>\n<\/div>\n\n\n\n<div class=\"wp-block-columns is-layout-flex wp-container-core-columns-is-layout-9d6595d7 wp-block-columns-is-layout-flex\">\n<div class=\"wp-block-column is-vertically-aligned-center is-layout-flow wp-block-column-is-layout-flow\" style=\"flex-basis:33.33%\"><div class=\"wp-block-image\">\n<figure class=\"aligncenter size-full\"><img loading=\"lazy\" decoding=\"async\" width=\"1000\" height=\"1000\" src=\"https:\/\/www.juli-as.fr\/wp-content\/uploads\/2023\/09\/logo-violon.png\" alt=\"\" class=\"wp-image-4225\" srcset=\"https:\/\/www.juli-as.fr\/wp-content\/uploads\/2023\/09\/logo-violon.png 1000w, https:\/\/www.juli-as.fr\/wp-content\/uploads\/2023\/09\/logo-violon-300x300.png 300w, https:\/\/www.juli-as.fr\/wp-content\/uploads\/2023\/09\/logo-violon-150x150.png 150w, https:\/\/www.juli-as.fr\/wp-content\/uploads\/2023\/09\/logo-violon-768x768.png 768w, https:\/\/www.juli-as.fr\/wp-content\/uploads\/2023\/09\/logo-violon-100x100.png 100w\" sizes=\"auto, (max-width: 706px) 89vw, (max-width: 767px) 82vw, 740px\" \/><\/figure>\n<\/div><\/div>\n\n\n\n<div class=\"wp-block-column is-vertically-aligned-center is-layout-flow wp-block-column-is-layout-flow\" style=\"flex-basis:66.66%\">\n<p>En concert<\/p>\n\n\n\n<p><strong>Reprises et compositions<\/strong><br>au violon et au chant, avec Rafou, chanteur et guitariste<br><br>Samedi 17 janvier 2026<br>Dimanche 7 d\u00e9cembre 2025<br>Dimanche 1er juin 2025<br>Samedi 10 mai 2025<br>Dimanche 6 avril 2025<br>Samedi 8 mars 2025<br>Dimanche 16 f\u00e9vrier 2025<\/p>\n<\/div>\n<\/div>\n\n\n\n<div class=\"wp-block-columns is-layout-flex wp-container-core-columns-is-layout-9d6595d7 wp-block-columns-is-layout-flex\">\n<div class=\"wp-block-column is-vertically-aligned-center is-layout-flow wp-block-column-is-layout-flow\" style=\"flex-basis:33.33%\"><div class=\"wp-block-image\">\n<figure class=\"aligncenter size-full\"><img loading=\"lazy\" decoding=\"async\" width=\"1000\" height=\"1000\" src=\"https:\/\/www.juli-as.fr\/wp-content\/uploads\/2023\/09\/logo-masques.png\" alt=\"\" class=\"wp-image-4220\" srcset=\"https:\/\/www.juli-as.fr\/wp-content\/uploads\/2023\/09\/logo-masques.png 1000w, https:\/\/www.juli-as.fr\/wp-content\/uploads\/2023\/09\/logo-masques-300x300.png 300w, https:\/\/www.juli-as.fr\/wp-content\/uploads\/2023\/09\/logo-masques-150x150.png 150w, https:\/\/www.juli-as.fr\/wp-content\/uploads\/2023\/09\/logo-masques-768x768.png 768w, https:\/\/www.juli-as.fr\/wp-content\/uploads\/2023\/09\/logo-masques-100x100.png 100w\" sizes=\"auto, (max-width: 706px) 89vw, (max-width: 767px) 82vw, 740px\" \/><\/figure>\n<\/div><\/div>\n\n\n\n<div class=\"wp-block-column is-vertically-aligned-center is-layout-flow wp-block-column-is-layout-flow\" style=\"flex-basis:66.66%\">\n<p>Commedia<\/p>\n\n\n\n<p><strong>Cr\u00e9ation de masques <\/strong><br>avec Renzo Sindoca, \u00e0 Mira, Venise<br>octobre 2025<br>septembre 2024<br>mars et octobre 2023<\/p>\n<\/div>\n<\/div>\n\n\n\n<div class=\"wp-block-columns is-layout-flex wp-container-core-columns-is-layout-9d6595d7 wp-block-columns-is-layout-flex\">\n<div class=\"wp-block-column is-vertically-aligned-center is-layout-flow wp-block-column-is-layout-flow\" style=\"flex-basis:33.33%\"><div class=\"wp-block-image\">\n<figure class=\"aligncenter size-full\"><img loading=\"lazy\" decoding=\"async\" width=\"500\" height=\"500\" src=\"https:\/\/www.juli-as.fr\/wp-content\/uploads\/2024\/09\/logo-photographe-2.png\" alt=\"\" class=\"wp-image-4799\" srcset=\"https:\/\/www.juli-as.fr\/wp-content\/uploads\/2024\/09\/logo-photographe-2.png 500w, https:\/\/www.juli-as.fr\/wp-content\/uploads\/2024\/09\/logo-photographe-2-300x300.png 300w, https:\/\/www.juli-as.fr\/wp-content\/uploads\/2024\/09\/logo-photographe-2-150x150.png 150w, https:\/\/www.juli-as.fr\/wp-content\/uploads\/2024\/09\/logo-photographe-2-100x100.png 100w\" sizes=\"auto, (max-width: 500px) 100vw, 500px\" \/><\/figure>\n<\/div><\/div>\n\n\n\n<div class=\"wp-block-column is-vertically-aligned-center is-layout-flow wp-block-column-is-layout-flow\" style=\"flex-basis:66.66%\">\n<p>Roadtrips et photographies<\/p>\n\n\n\n<p><strong>Voyages en Am\u00e9rique<\/strong><br>\u00c9tats-Unis, \u00e9t\u00e9 2013<br>P\u00e9rou, octobre 2018<br>Canada, \u00e9t\u00e9 2026<\/p>\n\n\n\n<p><strong>Voyages en Europe<\/strong><br>Tour d&#8217;Europe en stop, \u00e9t\u00e9 2015<br>Croatie, juin 2025<br>Avignon, juillet 2025<br>Italie, octobre 2025<\/p>\n\n\n\n<p><strong>Voyages en Afrique<\/strong><br>Maroc, d\u00e9cembre 2024<br>Afrique du Sud, juin 2025<\/p>\n\n\n\n<p><strong>Voyages en Asie<\/strong><br>Asie du sud-est, automne 2015<br>Inde, hiver 2016<br>Japon, 2010, 2012, 2016<br><\/p>\n<\/div>\n<\/div>\n\n\n\n<div class=\"wp-block-columns is-layout-flex wp-container-core-columns-is-layout-9d6595d7 wp-block-columns-is-layout-flex\">\n<div class=\"wp-block-column is-vertically-aligned-center is-layout-flow wp-block-column-is-layout-flow\" style=\"flex-basis:33.33%\"><div class=\"wp-block-image\">\n<figure class=\"aligncenter size-full\"><img loading=\"lazy\" decoding=\"async\" width=\"500\" height=\"500\" src=\"https:\/\/www.juli-as.fr\/wp-content\/uploads\/2024\/09\/logo-admin-1.png\" alt=\"\" class=\"wp-image-4796\" srcset=\"https:\/\/www.juli-as.fr\/wp-content\/uploads\/2024\/09\/logo-admin-1.png 500w, https:\/\/www.juli-as.fr\/wp-content\/uploads\/2024\/09\/logo-admin-1-300x300.png 300w, https:\/\/www.juli-as.fr\/wp-content\/uploads\/2024\/09\/logo-admin-1-150x150.png 150w, https:\/\/www.juli-as.fr\/wp-content\/uploads\/2024\/09\/logo-admin-1-100x100.png 100w\" sizes=\"auto, (max-width: 500px) 100vw, 500px\" \/><\/figure>\n<\/div><\/div>\n\n\n\n<div class=\"wp-block-column is-vertically-aligned-center is-layout-flow wp-block-column-is-layout-flow\" style=\"flex-basis:66.66%\">\n<p>Soutien administratif<\/p>\n\n\n\n<p><strong>Administration \/\/ production<\/strong><br><a href=\"https:\/\/www.cie-ostinato.fr\/\">compagnie Ostinato<\/a>, Olivier Maurin, Lyon<br><a href=\"https:\/\/www.compagniemara.fr\/\">compagnie Mara<\/a>, Jeanne Henry, Lyon<br><a href=\"https:\/\/compagniecolegram.fr\/\">compagnie Colegram<\/a>, St Etienne<\/p>\n<\/div>\n<\/div>\n\n\n\n<p><\/p>\n\n\n\n<p><\/p>\n","protected":false},"excerpt":{"rendered":"<p>Collectif Utopiques Mise En Sc\u00e8neB\u00e9r\u00e9nice, cr\u00e9ation 2026avec Jeanne Henry, Benjamin Mayet et Christophe Bouquet Julie d&#8217;Aubigny, cr\u00e9ation 2026 Direction d&#8217;actriceCalendriYEAH ! de et avec D\u00e9borah Arguel Formatrice \u00e0 la sc\u00e8ne Masques &#8211; du neutre \u00e0 la commediadu 20 au 26 juillet 2025 &#8211; Doucy Valmoreldu 9 au 14 f\u00e9vrier 2026 &#8211; \u00e0 Lyon avec Utopiquesdu &hellip; <\/p>\n<p class=\"link-more\"><a href=\"https:\/\/www.juli-as.fr\/\" class=\"more-link\">Continue reading<span class=\"screen-reader-text\"> &#8220;Actualit\u00e9s&#8221;<\/span><\/a><\/p>\n","protected":false},"author":1,"featured_media":0,"parent":0,"menu_order":0,"comment_status":"closed","ping_status":"closed","template":"","meta":{"two_page_speed":[],"footnotes":""},"class_list":["post-4929","page","type-page","status-publish","hentry"],"_links":{"self":[{"href":"https:\/\/www.juli-as.fr\/index.php\/wp-json\/wp\/v2\/pages\/4929","targetHints":{"allow":["GET"]}}],"collection":[{"href":"https:\/\/www.juli-as.fr\/index.php\/wp-json\/wp\/v2\/pages"}],"about":[{"href":"https:\/\/www.juli-as.fr\/index.php\/wp-json\/wp\/v2\/types\/page"}],"author":[{"embeddable":true,"href":"https:\/\/www.juli-as.fr\/index.php\/wp-json\/wp\/v2\/users\/1"}],"replies":[{"embeddable":true,"href":"https:\/\/www.juli-as.fr\/index.php\/wp-json\/wp\/v2\/comments?post=4929"}],"version-history":[{"count":32,"href":"https:\/\/www.juli-as.fr\/index.php\/wp-json\/wp\/v2\/pages\/4929\/revisions"}],"predecessor-version":[{"id":4982,"href":"https:\/\/www.juli-as.fr\/index.php\/wp-json\/wp\/v2\/pages\/4929\/revisions\/4982"}],"wp:attachment":[{"href":"https:\/\/www.juli-as.fr\/index.php\/wp-json\/wp\/v2\/media?parent=4929"}],"curies":[{"name":"wp","href":"https:\/\/api.w.org\/{rel}","templated":true}]}}