{"id":818,"date":"2015-08-11T11:40:34","date_gmt":"2015-08-11T10:40:34","guid":{"rendered":"http:\/\/www.messieurs-utopiques.com\/?page_id=818"},"modified":"2015-08-11T11:40:34","modified_gmt":"2015-08-11T10:40:34","slug":"lituanie","status":"publish","type":"page","link":"https:\/\/www.juli-as.fr\/index.php\/blog-de-voyage\/destination-europe\/lituanie\/","title":{"rendered":"Lituanie"},"content":{"rendered":"<p style=\"text-align: right;\" align=\"JUSTIFY\">in english here &#8212;&#8212;&gt; <a href=\"http:\/\/www.juli-photos.fr\/lituania-english\/\"><img decoding=\"async\" class=\"alignright\" src=\"http:\/\/www.home-delices.com\/miseenpage\/drapeau-anglais.jpg\" alt=\"\" \/><\/a><\/p>\n<p style=\"text-align: justify;\">Me voici \u00e0 la d\u00e9couverte des pays baltes.<\/p>\n<p id=\"yui_3_5_0_1_1439283156475_10104\" style=\"text-align: justify;\">Avant de partir, comme tout bon fran\u00e7ais, je connais l&#8217;ordre des trois pays qui bordent la baltique \u00e0 l&#8217;est, du nord au sud : Estonie, Lettonie, Lituanie. Je mets des h quelque part dans les noms, au hasard, parce que je ne suis pas tr\u00e8s sure de l&#8217;orthographe et je me demande ce qu&#8217;il peut bien se cacher dans ces &#8220;pays tr\u00e8s tr\u00e8s catholiques tu verras&#8221;.<\/p>\n<p id=\"yui_3_5_0_1_1439283156475_10105\" style=\"text-align: justify;\">Premier pays sur mon passage, la Lituanie, au sud, arriv\u00e9e en bus depuis Varsovie. Je ne ferai que passer par Vilnius, la capitale, pour courir au nord, dans un petit village du nom de Pajiesmeniai, \u00e0 vos souhaits. Ici, je participe \u00e0 la vie du camping-ferme \u00e9cologique pendant une semaine et demi et donne des cours de yoga sous le soleil de jour et le soleil de nuit, et au milieu du vert, on ne fait pas plus vert, de l&#8217;Europe.<\/p>\n<p id=\"yui_3_5_0_1_1439283156475_10110\" style=\"text-align: justify;\">Un petit week-end de vacances au milieu de mon trajet, le temps de bifurquer en stop jusque Klaipeda, sorte de St Trop local, rencontrer des amis d&#8217;une nuit, et retourner \u00e0 la maison en passant par le lieu le plus improbable depuis le d\u00e9but de mon voyage, la colline des croix, qui ferait de l&#8217;ombre au temple du renard de Kyoto, avec son million de Tori (<a href=\"http:\/\/dozodomo.com\/bento\/2014\/02\/25\/fushimi-inari-taisha-kyoto\/\">http:\/\/dozodomo.com\/bento\/2014\/02\/25\/fushimi-inari-taisha-kyoto<\/a>) visit\u00e9 dans une autre aventure il y a bien longtemps.<\/p>\n<p id=\"yui_3_5_0_1_1439283156475_10112\" style=\"text-align: justify;\">Le stop dans ce beau pays est un sport national, qui me permettra de rencontrer mes premiers camionneurs, d\u00e9roulant des conversations enti\u00e8res sans un seul mot d&#8217;anglais. Pour vous dire, la conversation s&#8217;est \u00e9tablie gr\u00e2ce \u00e0 mon niveau d&#8217;Allemand. Pour ceux qui ne me connaissent pas depuis longtemps, nous dirons que ce n&#8217;est pas glorieux.<\/p>\n<p style=\"text-align: justify;\">Bref, une halte bien agr\u00e9able, pleine de po\u00e9sie, de th\u00e9s maison, de plantes, de pollen, d&#8217;eau, de plages, de copains, de croix&#8230;<\/p>\n<p><iframe loading=\"lazy\" src=\"https:\/\/www.youtube.com\/embed\/mLyvZ3aNmns\" width=\"853\" height=\"480\" frameborder=\"0\" allowfullscreen=\"allowfullscreen\"><\/iframe><\/p>\n<div id='gallery-1' class='gallery galleryid-818 gallery-columns-1 gallery-size-full'><figure class='gallery-item'>\n\t\t\t<div class='gallery-icon landscape'>\n\t\t\t\t<a href='https:\/\/www.juli-as.fr\/ob_43b110_img-4867\/'><img loading=\"lazy\" decoding=\"async\" width=\"1200\" height=\"800\" src=\"https:\/\/www.juli-as.fr\/wp-content\/uploads\/2015\/08\/ob_43b110_img-4867.jpg\" class=\"attachment-full size-full\" alt=\"\" srcset=\"https:\/\/www.juli-as.fr\/wp-content\/uploads\/2015\/08\/ob_43b110_img-4867.jpg 1200w, https:\/\/www.juli-as.fr\/wp-content\/uploads\/2015\/08\/ob_43b110_img-4867-300x200.jpg 300w, https:\/\/www.juli-as.fr\/wp-content\/uploads\/2015\/08\/ob_43b110_img-4867-1024x683.jpg 1024w, https:\/\/www.juli-as.fr\/wp-content\/uploads\/2015\/08\/ob_43b110_img-4867-768x512.jpg 768w\" sizes=\"auto, 100vw\" \/><\/a>\n\t\t\t<\/div><\/figure><figure class='gallery-item'>\n\t\t\t<div class='gallery-icon landscape'>\n\t\t\t\t<a href='https:\/\/www.juli-as.fr\/ob_60390c_img-4916ter\/'><img loading=\"lazy\" decoding=\"async\" width=\"1200\" height=\"800\" src=\"https:\/\/www.juli-as.fr\/wp-content\/uploads\/2015\/08\/ob_60390c_img-4916ter.jpg\" class=\"attachment-full size-full\" alt=\"\" srcset=\"https:\/\/www.juli-as.fr\/wp-content\/uploads\/2015\/08\/ob_60390c_img-4916ter.jpg 1200w, https:\/\/www.juli-as.fr\/wp-content\/uploads\/2015\/08\/ob_60390c_img-4916ter-300x200.jpg 300w, https:\/\/www.juli-as.fr\/wp-content\/uploads\/2015\/08\/ob_60390c_img-4916ter-1024x683.jpg 1024w, https:\/\/www.juli-as.fr\/wp-content\/uploads\/2015\/08\/ob_60390c_img-4916ter-768x512.jpg 768w\" sizes=\"auto, 100vw\" \/><\/a>\n\t\t\t<\/div><\/figure><figure class='gallery-item'>\n\t\t\t<div class='gallery-icon landscape'>\n\t\t\t\t<a href='https:\/\/www.juli-as.fr\/ob_b8ada7_img-4876\/'><img loading=\"lazy\" decoding=\"async\" width=\"1200\" height=\"800\" src=\"https:\/\/www.juli-as.fr\/wp-content\/uploads\/2015\/08\/ob_b8ada7_img-4876.jpg\" class=\"attachment-full size-full\" alt=\"\" srcset=\"https:\/\/www.juli-as.fr\/wp-content\/uploads\/2015\/08\/ob_b8ada7_img-4876.jpg 1200w, https:\/\/www.juli-as.fr\/wp-content\/uploads\/2015\/08\/ob_b8ada7_img-4876-300x200.jpg 300w, https:\/\/www.juli-as.fr\/wp-content\/uploads\/2015\/08\/ob_b8ada7_img-4876-1024x683.jpg 1024w, https:\/\/www.juli-as.fr\/wp-content\/uploads\/2015\/08\/ob_b8ada7_img-4876-768x512.jpg 768w\" sizes=\"auto, 100vw\" \/><\/a>\n\t\t\t<\/div><\/figure><figure class='gallery-item'>\n\t\t\t<div class='gallery-icon landscape'>\n\t\t\t\t<a href='https:\/\/www.juli-as.fr\/ob_004f86_img-4870\/'><img loading=\"lazy\" decoding=\"async\" width=\"1200\" height=\"800\" src=\"https:\/\/www.juli-as.fr\/wp-content\/uploads\/2015\/08\/ob_004f86_img-4870.jpg\" class=\"attachment-full size-full\" alt=\"\" srcset=\"https:\/\/www.juli-as.fr\/wp-content\/uploads\/2015\/08\/ob_004f86_img-4870.jpg 1200w, https:\/\/www.juli-as.fr\/wp-content\/uploads\/2015\/08\/ob_004f86_img-4870-300x200.jpg 300w, https:\/\/www.juli-as.fr\/wp-content\/uploads\/2015\/08\/ob_004f86_img-4870-1024x683.jpg 1024w, https:\/\/www.juli-as.fr\/wp-content\/uploads\/2015\/08\/ob_004f86_img-4870-768x512.jpg 768w\" sizes=\"auto, 100vw\" \/><\/a>\n\t\t\t<\/div><\/figure>\n\t\t<\/div>\n\n<div id='gallery-2' class='gallery galleryid-818 gallery-columns-2 gallery-size-full'><figure class='gallery-item'>\n\t\t\t<div class='gallery-icon portrait'>\n\t\t\t\t<a href='https:\/\/www.juli-as.fr\/ob_304b0f_img-4890\/'><img loading=\"lazy\" decoding=\"async\" width=\"682\" height=\"1024\" src=\"https:\/\/www.juli-as.fr\/wp-content\/uploads\/2015\/08\/ob_304b0f_img-4890.jpg\" class=\"attachment-full size-full\" alt=\"\" srcset=\"https:\/\/www.juli-as.fr\/wp-content\/uploads\/2015\/08\/ob_304b0f_img-4890.jpg 682w, https:\/\/www.juli-as.fr\/wp-content\/uploads\/2015\/08\/ob_304b0f_img-4890-200x300.jpg 200w\" sizes=\"auto, 100vw\" \/><\/a>\n\t\t\t<\/div><\/figure>\n\t\t<\/div>\n\n<p><script>\n  (function(i,s,o,g,r,a,m){i['GoogleAnalyticsObject']=r;i[r]=i[r]||function(){\n  (i[r].q=i[r].q||[]).push(arguments)},i[r].l=1*new Date();a=s.createElement(o),\n  m=s.getElementsByTagName(o)[0];a.async=1;a.src=g;m.parentNode.insertBefore(a,m)\n  })(window,document,'script','\/\/www.google-analytics.com\/analytics.js','ga');<\/p>\n<p>  ga('create', 'UA-71767550-1', 'auto');\n  ga('send', 'pageview');<\/p>\n<p><\/script><\/p>\n","protected":false},"excerpt":{"rendered":"<p>in english here &#8212;&#8212;&gt; Me voici \u00e0 la d\u00e9couverte des pays baltes. Avant de partir, comme tout bon fran\u00e7ais, je connais l&#8217;ordre des trois pays qui bordent la baltique \u00e0 l&#8217;est, du nord au sud : Estonie, Lettonie, Lituanie. Je mets des h quelque part dans les noms, au hasard, parce que je ne suis &hellip; <\/p>\n<p class=\"link-more\"><a href=\"https:\/\/www.juli-as.fr\/index.php\/blog-de-voyage\/destination-europe\/lituanie\/\" class=\"more-link\">Continue reading<span class=\"screen-reader-text\"> &#8220;Lituanie&#8221;<\/span><\/a><\/p>\n","protected":false},"author":2,"featured_media":3476,"parent":647,"menu_order":0,"comment_status":"open","ping_status":"open","template":"","meta":{"two_page_speed":[],"footnotes":""},"class_list":["post-818","page","type-page","status-publish","has-post-thumbnail","hentry"],"_links":{"self":[{"href":"https:\/\/www.juli-as.fr\/index.php\/wp-json\/wp\/v2\/pages\/818","targetHints":{"allow":["GET"]}}],"collection":[{"href":"https:\/\/www.juli-as.fr\/index.php\/wp-json\/wp\/v2\/pages"}],"about":[{"href":"https:\/\/www.juli-as.fr\/index.php\/wp-json\/wp\/v2\/types\/page"}],"author":[{"embeddable":true,"href":"https:\/\/www.juli-as.fr\/index.php\/wp-json\/wp\/v2\/users\/2"}],"replies":[{"embeddable":true,"href":"https:\/\/www.juli-as.fr\/index.php\/wp-json\/wp\/v2\/comments?post=818"}],"version-history":[{"count":0,"href":"https:\/\/www.juli-as.fr\/index.php\/wp-json\/wp\/v2\/pages\/818\/revisions"}],"up":[{"embeddable":true,"href":"https:\/\/www.juli-as.fr\/index.php\/wp-json\/wp\/v2\/pages\/647"}],"wp:featuredmedia":[{"embeddable":true,"href":"https:\/\/www.juli-as.fr\/index.php\/wp-json\/"}],"wp:attachment":[{"href":"https:\/\/www.juli-as.fr\/index.php\/wp-json\/wp\/v2\/media?parent=818"}],"curies":[{"name":"wp","href":"https:\/\/api.w.org\/{rel}","templated":true}]}}